{"id":1261,"date":"2026-04-20T16:15:01","date_gmt":"2026-04-20T14:15:01","guid":{"rendered":"https:\/\/www.ot160.de\/home\/?page_id=1261"},"modified":"2026-05-01T19:58:07","modified_gmt":"2026-05-01T17:58:07","slug":"ppp-spendengelder","status":"publish","type":"page","link":"https:\/\/www.ot160.de\/home\/ppp-spendengelder\/","title":{"rendered":"PPP &#8211; Warum ben\u00f6tigt PPP Spenden?"},"content":{"rendered":"<p><img loading=\"lazy\" decoding=\"async\" class=\" wp-image-1395 aligncenter\" src=\"https:\/\/www.ot160.de\/wp-content\/uploads\/2026\/05\/PPP-Spendenaufruf.jpg\" alt=\"Haste mal ein paar Euro f\u00fcr PPP?\" width=\"489\" height=\"463\" srcset=\"https:\/\/www.ot160.de\/wp-content\/uploads\/2026\/05\/PPP-Spendenaufruf.jpg 495w, https:\/\/www.ot160.de\/wp-content\/uploads\/2026\/05\/PPP-Spendenaufruf-300x284.jpg 300w\" sizes=\"auto, (max-width: 489px) 100vw, 489px\" \/><\/p>\n<p><span style=\"font-family: arial, helvetica, sans-serif; font-size: 18pt; color: #0000ff;\"><b>Warum ben\u00f6tigt PPP Spenden?<\/b><\/span><\/p>\n<p><span style=\"font-family: arial, helvetica, sans-serif; font-size: 14pt;\">Der Jahresbeitrag pro PingPong-Spieler betr\u00e4gt 1,00 \u20ac pro Monat. Das reicht f\u00fcr die Beschaffung der zahlreichen Ballwurfmaschinen, Ballaufsammler, rollstuhlgerechte Spielplatten, Tischtennisschl\u00e4ger, Tischtennisb\u00e4lle, usw. nicht aus. Darum<\/span><span style=\"font-family: arial, helvetica, sans-serif; font-size: 14pt;\"> ben\u00f6tigt der Verein dringend Spenden. <\/span><span style=\"font-family: arial, helvetica, sans-serif; font-size: 14pt;\">Von den Geldern wird das gesamte Equipment sowie alle weiteren Hilfsmittel gekauft. Auch werden davon Beratungsangebote f\u00fcr Angeh\u00f6rige und Betroffene finanziert.<\/span><\/p>\n<p><span style=\"font-family: arial, helvetica, sans-serif; font-size: 14pt;\">Unterst\u00fctzer finden alle Infos zu IBAN-Nummern sowie zu den Spenden-Quittungen auf der Internet-Seite<strong><span style=\"color: #0000ff;\"> <a style=\"color: #0000ff;\" href=\"https:\/\/www.ot160.de\/home\/spenden-konto\/\">https:\/\/www.ot160.de\/home\/spenden-konto\/<\/a><\/span><\/strong><\/span><span style=\"font-family: arial, helvetica, sans-serif; font-size: 14pt;\">\u00a0 \u00a0<\/span><\/p>\n<p><img loading=\"lazy\" decoding=\"async\" class=\"wp-image-819 aligncenter\" style=\"font-family: arial, helvetica, sans-serif; font-size: 18.6667px;\" src=\"https:\/\/www.ot160.de\/wp-content\/uploads\/2025\/11\/PingPongParkinson_3.jpg\" alt=\"PingPong f\u00fcr Parkinson-Erkrankte\" width=\"587\" height=\"492\" srcset=\"https:\/\/www.ot160.de\/wp-content\/uploads\/2025\/11\/PingPongParkinson_3.jpg 619w, https:\/\/www.ot160.de\/wp-content\/uploads\/2025\/11\/PingPongParkinson_3-300x252.jpg 300w\" sizes=\"auto, (max-width: 587px) 100vw, 587px\" \/><\/p>\n<p><span style=\"font-family: arial, helvetica, sans-serif; font-size: 18pt; color: #0000ff;\"><b>Was wird von den Spenden-Geldern beschafft? <\/b><\/span><\/p>\n<p><span style=\"font-family: arial, helvetica, sans-serif; font-size: 14pt;\"><b>Ben\u00f6tigt werden z. B.:<\/b><\/span><\/p>\n<ul>\n<li><span style=\"font-size: 14pt; color: #0000ff;\"><strong><span style=\"font-family: arial, helvetica, sans-serif;\">Rollstuhlgerechte Spielplatten<\/span><\/strong><\/span><\/li>\n<li><span style=\"font-size: 14pt; color: #0000ff;\"><strong><span style=\"font-family: arial, helvetica, sans-serif;\">Balleinwurfmaschinen<\/span><\/strong><\/span><\/li>\n<li><span style=\"font-size: 14pt; color: #0000ff;\"><strong><span style=\"font-family: arial, helvetica, sans-serif;\">Ballaufsammler\u00a0<\/span><\/strong><\/span><\/li>\n<li><span style=\"font-size: 14pt; color: #0000ff;\"><strong><span style=\"font-family: arial, helvetica, sans-serif;\">und vieles mehr<\/span><\/strong><\/span><\/li>\n<\/ul>\n<p><img loading=\"lazy\" decoding=\"async\" class=\"wp-image-1138 aligncenter\" style=\"font-family: 'Droid Serif', serif; font-size: 20px;\" src=\"https:\/\/www.ot160.de\/wp-content\/uploads\/2026\/03\/PingPongParkinson-2026-02-28_Ballwurf-Auffangmaschine.jpg\" alt=\"Ballwurf- und Auffang-Maschine\" width=\"600\" height=\"546\" srcset=\"https:\/\/www.ot160.de\/wp-content\/uploads\/2026\/03\/PingPongParkinson-2026-02-28_Ballwurf-Auffangmaschine.jpg 559w, https:\/\/www.ot160.de\/wp-content\/uploads\/2026\/03\/PingPongParkinson-2026-02-28_Ballwurf-Auffangmaschine-300x273.jpg 300w\" sizes=\"auto, (max-width: 600px) 100vw, 600px\" \/><\/p>\n<p style=\"text-align: center;\"><span style=\"font-family: arial, helvetica, sans-serif; font-size: 10pt;\">Ballwurf- und Auffang-Maschine<\/span><\/p>\n<p><span style=\"font-size: 18pt; color: #0000ff;\"><strong><span style=\"font-family: arial, helvetica, sans-serif;\">Was macht PPP sonst noch?<\/span><\/strong><\/span><\/p>\n<p><span style=\"font-family: arial, helvetica, sans-serif; font-size: 14pt;\">Der Mittelpunkt der T\u00e4tigkeit von PPP ist es, Betroffenen und den Angeh\u00f6rigen Informationen und den gegenseitigen Austausch anzubieten.<\/span><\/p>\n<p><span style=\"font-family: arial, helvetica, sans-serif; font-size: 14pt;\">Das Konzept von PingPongParkinson beruht darauf, dass Tischtennis f\u00fcr jedermann zug\u00e4nglich sein soll, der an Parkinson erkrankt ist. Niemand muss vorher Tischtennis gespielt haben und n<\/span><span style=\"font-family: arial, helvetica, sans-serif; font-size: 14pt;\">iemand muss eine besondere Eignung mitbringen. In den Vereinen wird Tischtennis vom Anf\u00e4nger bis zum Weltmeister angeboten.\u00a0<\/span><\/p>\n<p><span style=\"font-family: arial, helvetica, sans-serif; font-size: 14pt;\">Wichtig ist auch der soziale Kontakt mit ebenfalls erkrankten Menschen. Hier wird jedem Betroffenen das Gef\u00fchl vermittelt: &#8222;ich bin mit dieser Krankheit nicht allein&#8220;. Man redet mit einander und tauscht sich gemeinschaftlich aus.<\/span><\/p>\n<p><span style=\"font-family: arial, helvetica, sans-serif; color: #0000ff; font-size: 18pt;\"><strong>Weitere Aufgaben und Ziele von PPP:<\/strong><\/span><\/p>\n<p><span style=\"font-family: arial, helvetica, sans-serif; font-size: 14pt;\">PingPongParkinson arbeitet aktiv an Beratungsangeboten f\u00fcr Betroffene und Angeh\u00f6rige.<\/span><\/p>\n<p><span style=\"font-family: arial, helvetica, sans-serif; font-size: 14pt;\">PPP m\u00f6chte die\u00a0positiven Eigenschaften des Tischtennis bei neurologischen Erkrankungen\u00a0und\u00a0auch Demenz-Erkrankten\u00a0gerne ausbauen.<\/span><\/p>\n<p>&nbsp;<\/p>\n<p style=\"text-align: left;\"><strong><span style=\"font-family: arial, helvetica, sans-serif; font-size: 18pt;\">F\u00fcr mehr Informationen diese Links anklicken:<\/span><\/strong><\/p>\n<ul>\n<li style=\"text-align: left;\"><span style=\"text-decoration: underline; font-size: 12pt; font-family: arial, helvetica, sans-serif;\"><a href=\"https:\/\/www.ot160.de\/home\/parkinson\/\"><span style=\"color: #0000ff;\">Parkinson &#8211; was ist das f\u00fcr eine Krankheit?<\/span><\/a><\/span><\/li>\n<li style=\"text-align: left;\"><span style=\"text-decoration: underline; font-size: 12pt; font-family: arial, helvetica, sans-serif;\"><span style=\"color: #0000ff; text-decoration: underline;\"><a style=\"color: #0000ff; text-decoration: underline;\" href=\"https:\/\/www.ot160.de\/home\/ppp-an-die-platte\/\">PPP-Motto: Runter vom Sofa und ran an die Platte<\/a><\/span><\/span><\/li>\n<li style=\"text-align: left;\"><span style=\"font-family: arial, helvetica, sans-serif;\"><span style=\"color: #0000ff; font-size: 12pt;\"><a style=\"color: #0000ff;\" href=\"https:\/\/www.ot160.de\/home\/ppp-spendengelder\/\"><span style=\"text-decoration: underline;\">PPP &#8211; Warum ben\u00f6tigt PPP Spenden?<\/span><\/a><\/span><\/span><\/li>\n<li style=\"text-align: left;\"><span style=\"font-family: arial, helvetica, sans-serif;\"><strong><span style=\"text-decoration: underline; font-size: 12pt;\"><a href=\"https:\/\/www.ot160.de\/home\/pingpongparkinson-bank\/\"><span style=\"color: #0000ff; text-decoration: underline;\">Jetzt Geld an PingPongParkinson spenden<\/span><\/a><\/span><\/strong><\/span><\/li>\n<li><span style=\"text-decoration: underline;\"><a href=\"https:\/\/www.ot160.de\/home\/ppp-distrikt-5\/\"><span style=\"font-family: arial, helvetica, sans-serif; color: #0000ff; text-decoration: underline;\">Old Tablers Distrikt 5 unterst\u00fctzt &#8222;PingPongParkinson&#8220;\u00a0<\/span><\/a><\/span><\/li>\n<li style=\"text-align: left;\"><span style=\"font-family: arial, helvetica, sans-serif;\"><span style=\"text-decoration: underline; font-size: 12pt;\"><a href=\"https:\/\/www.ot160.de\/home\/ppp-geld-ist-nicht-alles\/\"><span style=\"color: #0000ff;\">PPP &#8211; Es ist nie zu sp\u00e4t &#8211; Lass uns etwas Neues beginnen<\/span><\/a>\u00a0<\/span><\/span><\/li>\n<li style=\"text-align: left;\"><span style=\"font-family: arial, helvetica, sans-serif;\"><strong><span style=\"text-decoration: underline; font-size: 12pt;\"><span style=\"color: #0000ff; text-decoration: underline;\"><a style=\"color: #0000ff; text-decoration: underline;\" href=\"https:\/\/www.ot160.de\/home\/stuetzpunkt-finden\/\">PPP-St\u00fctzpunkt finden und gr\u00fcnden<\/a><\/span><\/span><\/strong><\/span><\/li>\n<li style=\"text-align: left;\"><span style=\"font-family: arial, helvetica, sans-serif;\"><span style=\"text-decoration: underline; color: #0000ff; font-size: 12pt;\"><a style=\"color: #0000ff; text-decoration: underline;\" href=\"https:\/\/www.ot160.de\/home\/ppp-distrikt-5\/\">PPP hat vom Distrikt 5 der Old Tablers \u00fcber 7.000 \u20ac an Spenden erhalten<\/a> \u00a0<\/span><\/span><\/li>\n<li style=\"text-align: left;\"><span style=\"font-family: arial, helvetica, sans-serif;\"><span style=\"font-size: 12pt;\"><a href=\"https:\/\/www.ot160.de\/home\/ppp-historie\/\"><span style=\"text-decoration: underline;\"><span style=\"color: #0000ff; text-decoration: underline;\">Wer ist PingPongParkinson Deutschland e.V. und wie PPP<\/span><span style=\"color: #0000ff; text-decoration: underline;\"> entstanden ist<\/span><\/span><\/a><\/span><\/span><\/li>\n<li style=\"text-align: left;\"><span style=\"font-family: arial, helvetica, sans-serif;\"><strong><span style=\"text-decoration: underline; color: #0000ff; font-size: 12pt;\"><a style=\"color: #0000ff;\" href=\"https:\/\/www.ot160.de\/\">zur Startseite\u00a0<\/a><\/span><\/strong><\/span><\/li>\n<li style=\"text-align: left;\"><span style=\"font-family: arial, helvetica, sans-serif;\"><strong><span style=\"text-decoration: underline; color: #0000ff; font-size: 12pt;\"><a style=\"color: #0000ff;\" href=\"https:\/\/www.pingpongparkinson.de\/\">zur PingPongParkinson Homepage<\/a><\/span><\/strong><\/span><\/li>\n<\/ul>\n<p>&nbsp;<\/p>\n<p><span style=\"font-size: 14pt;\"><strong><span style=\"font-family: arial, helvetica, sans-serif;\">Das D5-Pr\u00e4sidium<span style=\"font-size: 12pt;\"> <strong style=\"text-align: center;\">2025 &#8211; 2027 <\/strong><\/span>bedankt sich f\u00fcr die Unterst\u00fctzung<\/span><\/strong><\/span><\/p>\n<ul>\n<li><span style=\"font-size: 14pt;\"><strong><span style=\"font-family: arial, helvetica, sans-serif;\">Christian Busch, Distrikt-Pr\u00e4sident<\/span><\/strong><\/span><\/li>\n<li><span style=\"font-size: 14pt;\"><strong><span style=\"font-family: arial, helvetica, sans-serif;\">Jochen Bock, Distrikt-Past-Pr\u00e4sident<\/span><\/strong><\/span><\/li>\n<li><span style=\"font-size: 14pt;\"><strong><span style=\"font-family: arial, helvetica, sans-serif;\">Arthur Podkocki, Distrikt-Vize-Pr\u00e4sident<\/span><\/strong><\/span><\/li>\n<\/ul>\n<p>&nbsp;<\/p>\n<p><span style=\"font-size: 12pt;\"><span style=\"font-family: arial, helvetica, sans-serif;\"><strong>Eine Initiative vom Distrikt 5, Old Tablers Deutschland, Christian Busch, Distrikt-5-Pr\u00e4sident, Enzianstra\u00dfe 12 A, 32423 Minden.\u00a0<\/strong><\/span><span style=\"font-family: arial, helvetica, sans-serif;\"><strong>Die Freigabe der Bilder erfolgte von Herrn Manfred Greve, PingPongParkinson Deutschland eV, Barbarastra\u00dfe 15,48529 Nordhorn<\/strong><\/span><\/span><\/p>\n","protected":false},"excerpt":{"rendered":"<p>Warum ben\u00f6tigt PPP Spenden? Der Jahresbeitrag pro PingPong-Spieler betr\u00e4gt 1,00 \u20ac pro Monat. Das reicht f\u00fcr die Beschaffung der zahlreichen&hellip;<\/p>\n","protected":false},"author":2,"featured_media":0,"parent":0,"menu_order":0,"comment_status":"closed","ping_status":"closed","template":"","meta":{"footnotes":""},"class_list":["post-1261","page","type-page","status-publish","hentry"],"_links":{"self":[{"href":"https:\/\/www.ot160.de\/home\/wp-json\/wp\/v2\/pages\/1261","targetHints":{"allow":["GET"]}}],"collection":[{"href":"https:\/\/www.ot160.de\/home\/wp-json\/wp\/v2\/pages"}],"about":[{"href":"https:\/\/www.ot160.de\/home\/wp-json\/wp\/v2\/types\/page"}],"author":[{"embeddable":true,"href":"https:\/\/www.ot160.de\/home\/wp-json\/wp\/v2\/users\/2"}],"replies":[{"embeddable":true,"href":"https:\/\/www.ot160.de\/home\/wp-json\/wp\/v2\/comments?post=1261"}],"version-history":[{"count":13,"href":"https:\/\/www.ot160.de\/home\/wp-json\/wp\/v2\/pages\/1261\/revisions"}],"predecessor-version":[{"id":1458,"href":"https:\/\/www.ot160.de\/home\/wp-json\/wp\/v2\/pages\/1261\/revisions\/1458"}],"wp:attachment":[{"href":"https:\/\/www.ot160.de\/home\/wp-json\/wp\/v2\/media?parent=1261"}],"curies":[{"name":"wp","href":"https:\/\/api.w.org\/{rel}","templated":true}]}}